r of s and 10?
10
Let q be -5*2*95/(-50). Suppose -122 = -2*d + 30. Calculate the greatest common divisor of q and d.
19
Let n = 27 - 7. Let a(d) = -15*d + 3. Let z be a(-5). Suppose -i + 118 = 4*j - z, j - 30 = -5*i. What is the greatest common factor of j and n?
10
Let u(m) = -m**3 - m**2 - m + 5. Let q be u(0). Suppose q*l - 53 = -3. Let j be -6*(-1 + 6/9). Calculate the highest common factor of j and l.
2
Let x(o) = -2*o**3 - 40*o**2 + 40*o - 29. Let s be x(-21). Let c be (-8)/32 + (-418)/(-8). What is the highest common divisor of c and s?
13
Let d = -4 + 6. Suppose u - 5 = -z + 2, 0 = -4*z - 2*u + 26. Calculate the highest common divisor of d and z.
2
Let k be (-266)/(-4) - (-2)/4. Let x be (-1 + k)/(5/5). What is the highest common factor of x and 22?
22
Let d = 114 + -113. Suppose 0 = 5*t + 3*j - 11, 4*t = j - 2*j + 6. What is the highest common factor of d and t?
1
Let u = -35 + 57. Calculate the highest common divisor of 176 and u.
22
Let h = -14 + 10. Let d be h*48/(12/(-3)). Calculate the greatest common divisor of 6 and d.
6
Suppose 5*u + 74 = 2*d, 4*d - 4*u = 161 + 11. Suppose 2*n = -2*w + 70, -5*w - d = -4*n - 231. What is the greatest common divisor of 18 and w?
18
Let p(y) = y + 41. Let j be p(4). What is the greatest common divisor of 81 and j?
9
Suppose b - 5*b + 16 = 0, -5*m - 9 = -b. Let r be m + ((-6)/(-14) - (-3897)/21). Calculate the highest common divisor of r and 37.
37
Let a(m) = -2*m + 2. Let n be a(1). Suppose n*y + 75 = 5*y. Let g = y + 10. What is the greatest common factor of g and 5?
5
Let k be (3/(-2))/(15/(-140)). Suppose 2*l = -0*n - 5*n + 206, 4*n = 5*l + 178. What is the highest common divisor of k and n?
14
Let n be (-60)/(-8)*(-1 + 13). Suppose -128 = -3*z - 4*y, -z - 2*y + 51 = 5. What is the highest common factor of z and n?
18
Let z be (-11688)/(-324) - (-10)/(-135). Calculate the highest common divisor of z and 369.
9
Let r = 131 + -90. What is the greatest common divisor of 451 and r?
41
Suppose 0*g - 80 = 5*g. Let w = -10 - g. Let q be -1 - -1 - 19/(247/(-234)). What is the greatest common factor of q and w?
6
Let v be (2/(-4))/(1*(-2)/(-4)). Let q(m) = -95*m**3 + 2*m**2 + 2*m + 1. Let t be q(v). Calculate the highest common divisor of t and 24.
24
Suppose -5*o = -930 + 220. Calculate the greatest common divisor of o and 213.
71
Let k be ((-33)/(-12) + -4)*-20. Let p(v) = 4*v - 22. Let h be p(8). Calculate the highest common factor of h and k.
5
Suppose 3*y - 5*y = -4. Let o be (27 + -29)*(-1 + 0). Suppose 4*d - 28 = -y*n - o*n, -2*d + 3*n + 9 = 0. Calculate the greatest common factor of 6 and d.
6
Let z be 81*((-1)/4 - 112/(-192)). What is the highest common factor of 801 and z?
9
Suppose 5*l = 4*a + 108, -4*l + 0*l - 5*a + 70 = 0. Suppose -l = -5*y + 35. What is the greatest common factor of 143 and y?
11
Suppose 488 = 2*a - 232. Suppose -6*r + a = -r. Calculate the greatest common divisor of r and 8.
8
Let v be 2 - (-2 - 0 - 2). Suppose 4*f - 2*l - 28 = -8, 6 = -2*f - 3*l. What is the highest common factor of v and f?
3
Suppose -5*h + 16 = -19. Let q be (65/(-15))/((-1)/3). Let s = q - 12. Calculate the greatest common factor of h and s.
1
Let o(c) = -11*c + 57. Let t(h) = 1. Let x(z) = -o(z) - 2*t(z). Let g be x(14). Calculate the highest common factor of 19 and g.
19
Suppose 8*k - 105 = 55. Let w = -8 + k. Suppose 0 = -0*v - 3*v + 12, -2*o + 212 = 5*v. What is the greatest common divisor of o and w?
12
Let h(a) = a**3 + 4*a**2 - 7*a + 2. Let l be h(3). What is the greatest common factor of l and 572?
44
Suppose -15*r + 100 = -875. What is the highest common factor of r and 130?
65
Suppose -5*l - 9*n = -13*n - 311, 3*l - 194 = -5*n. Calculate the highest common factor of 1260 and l.
63
Let y be 32/((-3)/(1 + 5)). Let k = y + 160. Calculate the highest common divisor of 12 and k.
12
Let s = -443 - -468. Calculate the highest common factor of s and 575.
25
Let o be ((-14)/(-4))/(159/78 - 2). Calculate the greatest common factor of o and 7.
7
Suppose i - 5*i = -356. Suppose i = 2*z + 5*s, 3*z - 2*z - 7 = 5*s. What is the greatest common divisor of z and 256?
32
Let u = -1 + 4. Let h be (-37)/(-222) + 53/6. What is the greatest common divisor of h and u?
3
Suppose -3*v - 220 = -8*v - o, 2*o - 215 = -5*v. Let g be (-3)/(-7) + 540/63. What is the highest common factor of g and v?
9
Let q = -1655 + 1666. Calculate the highest common factor of q and 22.
11
Suppose 3*k + 0*k - 480 = 0. Let t be (-8)/(-6)*(-12)/(-1). Suppose 4*x = 3*x + t. What is the greatest common divisor of x and k?
16
Let v = -221 + 313. Let x = -110 + 202. Suppose 0 = 28*f - 32*f + x. What is the highest common divisor of v and f?
23
Let q(y) = -y**3 - y**2 - 6*y. Let t be q(-4). What is the greatest common factor of t and 54?
18
Suppose 4*v = -5*v + 504. What is the greatest common divisor of 16 and v?
8
Let t = -42 - -48. Suppose t + 12 = g. Calculate the greatest common factor of g and 9.
9
Suppose 3*j - 172 = -4*z, 0 = 2*j - j + 4*z - 60. What is the greatest common factor of 200 and j?
8
Suppose 2*m - 5 - 3 = 0. Suppose -1298 = -m*d + 198. Let h = d + -104. What is the highest common divisor of 27 and h?
27
Suppose x + 3*x = 4. Let l be (-7)/(28/(-20))*-12. Let p = l + 61. Calculate the greatest common factor of p and x.
1
Suppose 4*q - 5*o + 16 = 0, 0 = -4*q - 3*o - 0*o + 16. Let x be (-5 - 2)/(q/(-5)). Let i = 39 + -32. Calculate the highest common factor of x and i.
7
Let f(u) = 2*u**3 + 9*u**2 + 5*u + 3. Suppose 0 = -c + 5, 2*i - c + 11 = -0*c. Let d be f(i). Calculate the greatest common divisor of d and 60.
15
Suppose 4503 = 4*l - 197. Calculate the highest common factor of 25 and l.
25
Let p be -9 + (0 - -6) - -76. What is the highest common divisor of p and 511?
73
Let q = -238 - -474. Let a be q/12 + 2/6. Calculate the greatest common factor of a and 30.
10
Suppose -468 + 52 = -2*c. Calculate the highest common divisor of 64 and c.
16
Suppose 15*n = 12*n. Suppose n = w + 4*w - 45. Calculate the highest common factor of 18 and w.
9
Let x be (330/88)/((-9)/8)*-18. What is the highest common divisor of x and 15?
15
Let i = -180 + 292. Calculate the highest common factor of 126 and i.
14
Suppose -3*j = -5*j - 5*m - 164, -3*j - 223 = -4*m. Let i = j - -135. What is the greatest common divisor of i and 406?
58
Let y(j) = -j**3 + 8*j**2 + 2*j + 1. Let c be y(8). Suppose 5*u = s + 339, 19 + 115 = 2*u - 2*s. What is the highest common divisor of c and u?
17
Let c(d) = 2*d**2 + 12*d. Let r be 20 + -24 + 0 + -3. Let p be c(r). Calculate the greatest common divisor of p and 35.
7
Let w be (-630)/(-5)*10/15. What is the highest common divisor of 546 and w?
42
Suppose -3*v + 90 = -18. Let m = -34 + v. What is the greatest common factor of m and 20?
2
Let l be (66 - -2) + 3 + -11. What is the greatest common factor of l and 195?
15
Let r(f) = -f**2 - 4. Let i be r(-4). Let l = 25 + i. Suppose 3*j = 5*q + 30, -2*j + l = 2*q + 1. Calculate the greatest common factor of 45 and j.
5
Let l(d) = 4*d**3 - 4*d**2 + 2*d + 2. Let q be l(2). Suppose 4*w = 2*w + 16. Let c be 7/((-28)/(-47)) - 6/w. Calculate the greatest common divisor of q and c.
11
Let c(t) = 2*t**3 + 73*t**2 + 37*t + 55. Let m be c(-36). Suppose 5*f + 77 = 3*g, f = -5*g - f + 87. What is the greatest common factor of g and m?
19
Let o(f) = f + 2. Let v(z) = z**2 + 5*z + 7. Let c be v(-5). Let d be o(c). What is the highest common divisor of 99 and d?
9
Let r be (9 + -1)*2/4. Suppose -3*h - 2*b + 61 = 0, -2*b + 78 = r*h - 0*h. Let w(i) = 38*i - 25. Let s be w(2). What is the highest common factor of h and s?
17
Let y(j) = 4*j**2 - 6*j - 16. Let p be y(-5). Let z = 13 - 8. Suppose p = z*o - 6. What is the highest common divisor of o and 168?
24
Suppose -4*l + 328 = -2*w, 2*l = -4*w + w + 148. Let g be (-1 - (3 + -8)) + l. What is the greatest common factor of 4 and g?
4
Let g(r) be the third derivative of -r**6/120 + r**5/5 + 31*r**4/24 + r**3/3 + 54*r**2. Let c be g(14). Calculate the greatest common divisor of 11 and c.
11
Suppose -x + 6*z = 2*z - 68, -5*z = 5*x - 215. Suppose 14 = 2*n + 2*t, 4*t + x = 4*n + 3*t. What is the greatest common factor of 33 and n?
11
Suppose -2*m = 21*m - 184. Let t be 5 + (-3 - (-1 + -5)). Calculate the greatest common divisor of t and m.
8